0 = 4*j + j. Suppose 3*t - l = 72, -5*l - 14 - 46 = -3*t. What is the greatest common divisor of j and t?
5
Let t(x) be the first derivative of x**2 + 3*x - 3. Let z be t(4). What is the greatest common factor of z and 22?
11
Let n be 1/((-3)/2)*-3. Suppose -4 = -n*b - 2. Suppose 0 = -3*c + 1 + 5, i = c + 1. Calculate the highest common divisor of b and i.
1
Let o = -6 - -357. Suppose -2*p + 3*p + o = 5*u, 4*u + 2*p - 278 = 0. What is the highest common divisor of 28 and u?
14
Suppose 5*x - 2*z - 215 = 0, -2*x + 153 = 5*z + 38. Suppose -9 = -p - 0*p. Calculate the highest common divisor of x and p.
9
Suppose -5*i + 4*f = -200, 6*f - 3*f = -3*i + 93. Suppose 28 = 5*j + 8. Calculate the highest common factor of i and j.
4
Let f(m) = 13*m**2 - 3*m + 4. Let z be f(2). Suppose 22 = 3*a - 8. Calculate the highest common divisor of z and a.
10
Let a = -8 - -16. Suppose 2*y + 2*l = 14, 3*y - a = 5*l + 29. Let z be (-4)/18 - (-200)/y. Calculate the greatest common divisor of 11 and z.
11
Suppose -4 = -x - x. Let o = x - 0. Let p be (4/2 - -8) + o. What is the greatest common divisor of p and 84?
12
Let k = -27 + 34. Suppose 4*x - 252 = -0*x. Calculate the highest common divisor of x and k.
7
Suppose 3*h - 50 = -4*o + 63, 4*o + 4*h = 116. Calculate the greatest common factor of o and 130.
26
Let v = -134 - -284. Calculate the greatest common divisor of 30 and v.
30
Suppose 0 = 2*p + 5*z - 116, 4*z = -p + 82 - 18. What is the greatest common factor of p and 12?
12
Let z(r) = 6*r + 3. Let u be z(-3). Let q be 4/6 - 1115/u. What is the greatest common factor of q and 15?
15
Let p = -1 + 41. Calculate the highest common divisor of 20 and p.
20
Suppose 3*r - 7*r + 36 = 0. What is the highest common factor of 45 and r?
9
Let o = 24 + 106. What is the greatest common divisor of 26 and o?
26
Suppose -2*u = -u + 3*o - 12, 0 = -4*o + 16. Suppose p - 24 - 88 = u. Calculate the highest common divisor of p and 16.
16
Suppose 4*h - 70 = -k - 0*k, -4*h - 92 = -2*k. Calculate the highest common factor of k and 54.
54
Let v = 60 - 32. Suppose -15 = -5*i, 5*i + 6 = 3*z - 0. Calculate the greatest common divisor of z and v.
7
Suppose 6 = -3*j - 4*q, -3*j = -6*j + 4*q + 18. Suppose 44 = j*d - 84. Let a = 4 + 4. What is the highest common factor of d and a?
8
Let f be (675/125)/(-3*1/(-10)). What is the highest common factor of 2 and f?
2
Let m(s) = 12*s - 3. Let y(z) = -z**3 - z**2. Let n be y(-2). Let l be m(n). Let r = 11 - 6. Calculate the highest common factor of r and l.
5
Suppose 4*t = 5*k - 0*t - 214, -4*k + 163 = 5*t. Let s be (-11)/((-11)/k) - 0. Let g be (-56)/(-10) - 2/(-5). What is the highest common factor of g and s?
6
Let f = 376 + -216. Let w = -102 - -122. What is the greatest common divisor of w and f?
20
Let l = 174 + -102. Let v be (-2)/1 + 8/4. Suppose -4*i = -2*y + 48, v*y - 5*y + l = 2*i. What is the highest common divisor of 8 and y?
8
Let s be 4 + -2 + -1 + 3. Let f be 18 + -2 + (5 - s). Calculate the highest common factor of 136 and f.
17
Suppose 0 = -u + 5*i + 95, -2*u + 5*i + 5 = -180. Calculate the greatest common divisor of 10 and u.
10
Suppose 0 = b - 0*b + 2*w - 8, 0 = 2*b + w - 4. Suppose 4*x - 6*x + 48 = b. Calculate the highest common divisor of 36 and x.
12
Suppose -3*l = -36 - 0. Suppose 0 = 3*a - 5*a + 6. Suppose -24 = -a*h + h. What is the highest common factor of l and h?
12
Let w(b) = -b + 5. Let i be w(-2). Calculate the highest common factor of 91 and i.
7
Suppose -2*l = 2*l - 2*n + 10, 3*n = 2*l + 15. Suppose l = 2*i - 5*i + 72. What is the highest common divisor of 12 and i?
12
Let j(h) = h**3 + 6*h**2 - 9*h - 4. Let t be j(-6). Suppose -2*m = -7*m + t. Calculate the greatest common divisor of 90 and m.
10
Let k = -114 + 121. Calculate the greatest common factor of 7 and k.
7
Let l(o) = 2*o - 1. Let k be l(1). Let v be (3/((-6)/(-140)))/k. Let x = -6 + 20. What is the greatest common divisor of v and x?
14
Let t(v) = 3*v**2 - 2*v - 1. Let s be t(2). Let x = -3 - -20. Let d = s + x. What is the greatest common factor of d and 6?
6
Let y(r) = r**2 + 6*r + 2. Let u be y(-6). Suppose -2*p + 74 = u*o, 0 = 5*p + 6*o - 2*o - 181. What is the highest common factor of p and 22?
11
Let d(z) = z + 46. Let t be d(-25). What is the greatest common divisor of 3 and t?
3
Let a be (122*3)/((-6)/4). Let y be 1/7 + a/(-7). Calculate the highest common divisor of 5 and y.
5
Suppose -2*b + 7*b - 17 = -2*f, 9 = 2*f - 3*b. Calculate the greatest common divisor of f and 18.
6
Suppose -20 = -2*l + 8. Calculate the highest common factor of l and 70.
14
Suppose s = -3*s - 5*c + 72, s = 5*c + 18. What is the highest common factor of s and 6?
6
Let g be 28*6/21*(-21)/(-12). What is the greatest common factor of g and 112?
14
Suppose 0 = -m + 2*m - 5. Suppose -44 = -m*c + 46. What is the highest common divisor of c and 2?
2
Suppose -3*n = -4*k - 52, -3*n + 6*n - 87 = -3*k. Suppose -6 = -3*j + 2*j. Calculate the highest common divisor of n and j.
6
Suppose -4*z + 35 + 17 = 0. Calculate the greatest common divisor of z and 26.
13
Suppose y = -5*x - 25, -4*x - 2*y = -3*y + 29. Let d be (-20)/(-6) - (-2)/x. What is the greatest common factor of d and 1?
1
Let o(v) = -v**2 + 9*v - 6. Let y be o(7). Let f(n) = 8*n**3 - n**2 - n - 2. Let x be f(2). What is the highest common factor of y and x?
8
Suppose -23 - 109 = 3*h. Let k = 78 + h. Suppose 42 = t - k. Calculate the greatest common divisor of t and 19.
19
Let f be 14/3 - 2/3. Suppose -3*c + 4 = -2. What is the highest common factor of c and f?
2
Suppose 0 = -2*f - 1 + 7. Let z(y) = -15*y - 9. Let j(d) = 7*d + 4. Let a(x) = 7*j(x) + 3*z(x). Let s be a(f). What is the highest common factor of s and 39?
13
Suppose 8 = -2*j - 2*a, -4*j = -a - 4*a - 20. Suppose j = -5*f + 327 - 47. What is the highest common divisor of 8 and f?
8
Suppose -f + 140 = -0*f. What is the highest common divisor of f and 28?
28
Let u be 12/(-54) + 1894/18. Calculate the highest common divisor of u and 15.
15
Let i(t) = t**3 + 6*t**2 - t - 3. Let b(v) = -v - 1. Let n be b(5). Let p be i(n). Calculate the greatest common divisor of p and 1.
1
Let h(j) = -j**2 + 6*j + 4. Let x be h(6). Suppose 5 = x*n - 11. Calculate the greatest common factor of 4 and n.
4
Suppose 4*t - 415 + 127 = 0. What is the greatest common factor of t and 18?
18
Let s(n) = -7*n**3 - 1. Let d be s(-2). Suppose 0*o - 5*o = -10, -4*o = j - 13. What is the highest common divisor of d and j?
5
Suppose -3*a = -5*a + 90. What is the highest common factor of 5 and a?
5
Suppose -2*h - 3 = 5, -2*s - 3*h - 42 = 0. Let r = -9 - s. Let w be r/(-9) - 114/(-9). Calculate the greatest common factor of 36 and w.
12
Suppose 0 = -5*m + 25, -3*m + 26 = c + 9. Calculate the highest common divisor of 22 and c.
2
Let j be -5 + 1 - (-134)/2. What is the highest common factor of j and 9?
9
Suppose b + 0*b - 2 = 0. Suppose -2*p + 4*n + 4 = 2*p, 2*p - n - 3 = 0. Suppose b*k - 20 = -2*v, 6*k = p*k. Calculate the greatest common divisor of 20 and v.
10
Let d(w) = -w**3 - 3*w**2 + 7*w + 2. Let k be d(-5). Let l = 77 + 42. Calculate the highest common factor of l and k.
17
Let j(a) = -2*a + 5. Let k(b) = b. Let t(x) = -j(x) + 4*k(x). Let h be t(2). Calculate the greatest common factor of h and 49.
7
Let h = 277 + -151. Suppose 0*x + 3*x = h. Calculate the greatest common divisor of x and 6.
6
Suppose 0 = 6*p - 3*p - 252. Calculate the highest common factor of 12 and p.
12
Let a(s) = -3*s + 14. Let i be a(4). Suppose -4 = q, -5*n = -n + 4*q - 48. Calculate the greatest common factor of i and n.
2
Suppose -5*m + 78 = 3*n, -130 = -5*n + 3*m - 0*m. Suppose -4*u = 2*g - n, -2*g + u + 16 = -15. Calculate the highest common factor of g and 15.
15
Let p = 2 - 3. Let m be (-1)/((p/(-2))/(-1)). Suppose -95 - 26 = -m*z - 5*a, 0 = z + 4*a - 59. What is the greatest common factor of z and 9?
9
Let v = 241 - 86. What is the greatest common factor of 31 and v?
31
Let d be 282/7 + 2/(-7). Let q = d - 24. Let r be (1 - -1)*(2 - 1). What is the highest common factor of q and r?
2
Suppose 0 = -4*q, 5*k - 120 = -2*q + q. Let n = 23 - 130. Let x = 203 + n. What is the greatest common divisor of x and k?
24
Let l be 16/2 + -4 - 0 - -180. What is the greatest common divisor of l and 23?
23
Let a be 51/12 - 2/8. Let y